e the greatest common factor of w and n.
7
Let z be (-14)/49 + 158/14. Suppose 5*h = 4*h + z. Calculate the highest common divisor of h and 33.
11
Let d be 117/12 - (-1)/4. Let n be d/25 + 106/10. What is the highest common divisor of n and 1?
1
Suppose 5*n - 81 = 594. Suppose r + 4*r - n = 0. Suppose -q + 4*q = r. What is the highest common factor of q and 9?
9
Let t be 2/1 + 0 + 3. Calculate the greatest common factor of 40 and t.
5
Let g(b) = -5*b**3 + 5*b - b**2 - 5*b - b - 1. Let o be g(-1). Let m(n) = n**2 + n + 8. Let x be m(0). Calculate the greatest common factor of x and o.
4
Suppose 4*c + 2 - 8 = -5*s, -16 = -3*c + 2*s. Suppose -4*z - l = -155, -4*z + 28 = -2*l - 130. Let f = z + -19. Calculate the greatest common factor of c and f.
4
Suppose 2*i = -y + 5*i + 84, 488 = 5*y + 2*i. Calculate the highest common divisor of 12 and y.
12
Let y be (56*1)/(6/9). Let p be (0 - -7)*y/49. Calculate the highest common factor of p and 12.
12
Suppose 0 = -4*o + 111 + 69. Calculate the greatest common factor of o and 18.
9
Suppose -y + 3*p + 7 = -p, -p - 35 = -5*y. Suppose -567 = -v - 8*v. Calculate the highest common factor of v and y.
7
Suppose 6*c - c - 57 = -4*b, -5*c - b + 48 = 0. Suppose 0*r + 141 = 3*v + 2*r, 4*v - 3*r = 171. What is the highest common factor of v and c?
9
Suppose -30 = -u + 2*s, 2*u - 58 = s + s. Suppose -2*z = 2*i + u, 0 = 2*z - 0*z - 4. Let q be (-18)/3*i/6. Calculate the highest common divisor of 128 and q.
16
Let t = -2 + 4. Suppose -t*b - 4*b = -162. Calculate the highest common factor of b and 108.
27
Let l(y) = 3*y - 5. Let w be l(-6). Let b = 18 - -17. Let n = w + b. What is the greatest common factor of 12 and n?
12
Let x be (-1)/3 + (-1)/(-3). Suppose x = -0*r + 5*r - 5. What is the greatest common factor of r and 8?
1
Suppose 0 = 3*o - 3 - 213. Let c(w) = 2*w**2 + 4*w + 4. Let v be c(-4). Suppose v + 25 = 5*r. Calculate the greatest common factor of o and r.
9
Suppose 3*w = -1 + 7. Suppose 0*h = -5*h - 10. Let v = w - h. Calculate the highest common factor of v and 1.
1
Let k(r) = -r**2 + 6*r - 7. Let c be k(5). Let b be (-75)/((-1 + c)/3). Calculate the greatest common divisor of b and 15.
15
Suppose -2*g + 1 = -3. Let f = 49 - 35. What is the highest common divisor of g and f?
2
Suppose 4*s + 256 = -5*t + 3*t, 5*s = -3*t - 380. Let n = -60 - t. What is the greatest common factor of n and 15?
15
Let s = -22 - -52. Calculate the highest common divisor of s and 20.
10
Let b = -32 - -52. Let i be (2 - (-464)/b)*5. Calculate the greatest common divisor of 14 and i.
14
Let r be (-13)/((1 + 0)*-1). What is the highest common factor of 26 and r?
13
Let w(p) = -16*p**3 + 2*p + 1. Let r be w(-1). Let i be 4*(r/6)/5. Let g be i/5 + 114/15. Calculate the highest common divisor of 12 and g.
4
Let l be -1 - (6*-1)/2. Calculate the greatest common divisor of l and 2.
2
Suppose f - 5*m - 26 = 0, f = -2*f - 3*m + 168. What is the highest common divisor of 459 and f?
51
Let r be ((-34)/(-4))/((-4)/(-8)). Let q = 22 - r. What is the greatest common divisor of q and 25?
5
Let s be 23 - ((-1 - -5) + -4). Let t = s - -5. Calculate the greatest common factor of t and 280.
28
Suppose 11*n - 13*n = -72. What is the highest common divisor of 45 and n?
9
Suppose 5 = 5*q, -3*y + q + 93 = 4*q. Calculate the highest common factor of y and 30.
30
Suppose 0 = -7*k + 14*k - 56. What is the highest common factor of 56 and k?
8
Let l(z) = -z - 5. Let p be l(-5). Suppose p*i = i - 68. Let h be 0 - -2 - i*-1. Calculate the greatest common factor of 10 and h.
10
Let c(p) = -9*p + 2*p - 3 - 13*p. Let l be c(-3). What is the greatest common factor of l and 19?
19
Suppose 0 = 2*c - 127 - 21. Suppose 4*t - c = -26. Suppose 2*h + h - 18 = 0. Calculate the highest common divisor of t and h.
6
Suppose -411 + 116 = -h. Calculate the greatest common factor of 118 and h.
59
Suppose 2*n - 35 = 41. Suppose 5*u + 10 = 0, -2*u - n = -2*o + u. What is the highest common divisor of 24 and o?
8
Suppose -2 = 3*u + 1. Let n be (u + -494)/(-3)*-1. Let c = -93 - n. Calculate the greatest common divisor of c and 8.
8
Let t = 134 - 1. What is the greatest common divisor of t and 19?
19
Suppose 5*n = 149 - 29. Calculate the greatest common divisor of 8 and n.
8
Let p be 8 - 2*1/(-2). Suppose 68*w = 74*w - 6. Calculate the greatest common divisor of w and p.
1
Suppose -2*p + 4 + 8 = 0. Let k(x) = 8*x + 2. Let h be k(2). Suppose 5*a - 132 - h = 0. Calculate the highest common divisor of p and a.
6
Suppose 2*a - 39 - 17 = 0. Let r = -32 - -74. What is the greatest common divisor of r and a?
14
Let q(u) = -u**2 - 1. Let x(w) = w**2 - w. Let r(c) = -q(c) + 3*x(c). Let v be r(2). Calculate the highest common divisor of 22 and v.
11
Let b(m) = -4*m + 6. Let n be b(-4). Calculate the highest common divisor of 55 and n.
11
Suppose 2*x = 3*x - 16. Suppose 201 = -3*d + 7*d - 3*f, -33 = -d - 5*f. Calculate the highest common factor of d and x.
16
Suppose d = o - 84, 5*o - 2*d + 3*d = 420. Calculate the highest common divisor of 56 and o.
28
Suppose 37 + 31 = i. Calculate the highest common divisor of i and 17.
17
Suppose 0 = 8*l + 198 - 1638. Suppose -3 = o - 2*o. Suppose -o*t + 2*f = -0*t - 58, 3*f = -5*t + 103. What is the highest common divisor of l and t?
20
Suppose -2*a - 2 = -4*a. Let z = 30 - 36. Let q be z/(-2) - (a + -18). Calculate the highest common divisor of q and 30.
10
Suppose 5*b - 25 = 5*p, 2*b + 1 = 4*p + 13. Let h = p - 7. Let z be (h/10)/((-3)/45). What is the greatest common factor of 12 and z?
12
Let z = 3 - -9. Suppose 0 = -5*h + 4*q + 3010 - 362, 0 = h + q - 526. Suppose 2*r - 6*r = -h. Calculate the highest common factor of r and z.
12
Let m = 0 - 2. Let f = -16 - -23. Let b be (m/2)/((-1)/f). Calculate the greatest common factor of b and 14.
7
Let y be (1 + -40)*(-2)/6. Suppose -3*r + 0*r + 6 = 0. Suppose 0 = r*c - 0*c - 2, -2*n = -2*c - 232. Calculate the highest common divisor of n and y.
13
Let c = 50 + -30. Let y(t) = 6*t**3 - t**2 + 3*t - 2. Let w be y(3). Calculate the greatest common factor of w and c.
20
Let d be ((-4)/8)/(1/(-100)). Let o = 140 - d. Suppose 3*v - 2*s + 26 = 6*v, -4*s = 4*v - 32. What is the greatest common divisor of o and v?
10
Let t be (-30)/15 - (-51 + 0). Calculate the greatest common factor of t and 7.
7
Suppose 0 = m + 3*m - 200. Suppose -u + s + s = -24, -3*s = 6. What is the highest common divisor of m and u?
10
Let v = -3 - -28. What is the greatest common factor of 100 and v?
25
Let n(l) = -l**3 + 5*l**2 - 4*l. Let v be n(3). Let s be ((-9)/v)/(6/(-20)). What is the greatest common factor of s and 35?
5
Let o(f) = 9*f**2 + 8*f + 1. Let q be o(-2). Calculate the greatest common factor of q and 35.
7
Let x(p) = p**3 + 9*p**2 - 3*p - 5. Let m be x(-9). Calculate the highest common factor of m and 11.
11
Let l be (1/(-3))/(2/(-72)). What is the highest common divisor of 108 and l?
12
Suppose -10*t + 13*t - f = 200, t = 2*f + 75. What is the greatest common divisor of 13 and t?
13
Let p be (-12)/(3/(-2) + 0). Suppose -p - 7 = -5*b, 5*o - 75 = 5*b. Let n be 1 + (-3 - -2) + o. What is the highest common divisor of 144 and n?
18
Let a be 3 + 4/(12/9). Let f = 2 + a. Suppose 0 = -x - 3*x + f. What is the greatest common divisor of 2 and x?
2
Let d be -55*(2 + (-12)/4). Let z(p) = p + 14. Let c be z(-9). What is the highest common divisor of d and c?
5
Let n(y) = 9*y**2 - 4*y + 7. Let g be n(-5). What is the greatest common divisor of 36 and g?
36
Suppose s - 17*s = -480. What is the greatest common divisor of 80 and s?
10
Suppose g + 2*h - 29 = 0, -3*h = g + 2*h - 41. Let z = -25 - -13. Let j be 2/z + (-38)/(-12). Calculate the greatest common divisor of j and g.
3
Let a be (-32)/240 + (-94)/(-30). Suppose 124 = 6*n - 2*n - 4*g, -5*g = 3*n - 61. Calculate the highest common factor of n and a.
3
Let h = -42 + 50. Calculate the highest common divisor of 2 and h.
2
Let f be 2/(-7) - (-93)/7. Let m = 57 - 31. What is the greatest common factor of f and m?
13
Let y be 30/(-4)*(-4)/5. Suppose r = 22 - y. Let q(o) = 9*o - 6. Let h be q(6). Calculate the greatest common divisor of r and h.
16
Suppose -2*v - 2*v = -144. Calculate the greatest common factor of 54 and v.
18
Suppose 10*m = 11*m - 25. Calculate the highest common factor o